{"id":1086,"date":"2021-09-10T10:21:28","date_gmt":"2021-09-10T08:21:28","guid":{"rendered":"https:\/\/wenzel.co.at\/wshop\/?post_type=product&#038;p=1086"},"modified":"2025-06-20T14:44:42","modified_gmt":"2025-06-20T12:44:42","slug":"doppeltuelle-fuer-heizungsschlaeuche","status":"publish","type":"product","link":"https:\/\/wenzel.co.at\/wshop\/produkt\/doppeltuelle-fuer-heizungsschlaeuche\/","title":{"rendered":"Doppelt\u00fclle f\u00fcr Heizungsschl\u00e4uche Audi Typ 81\/85\/Urquattro TNR 861819699A"},"content":{"rendered":"<p>Doppelt\u00fclle f\u00fcr Heizungsschl\u00e4uche, Teilenummer 861819699A, NOS, NEU<\/p>\n","protected":false},"excerpt":{"rendered":"<p>Doppelt\u00fclle f\u00fcr Heizungsschl\u00e4uche, Teilenummer 861819699A, NOS, NEU<\/p>\n","protected":false},"featured_media":1088,"template":"","meta":[],"product_brand":[],"product_cat":[54],"product_tag":[104,87,107,105,108,109,110,106],"class_list":{"0":"post-1086","1":"product","2":"type-product","3":"status-publish","4":"has-post-thumbnail","6":"product_cat-karosserie","7":"product_tag-861819699a","8":"product_tag-audi-b2","9":"product_tag-doppeltuelle","10":"product_tag-doppeltuelle-fuer-heizungsschlaeuche","11":"product_tag-neu","12":"product_tag-nos","13":"product_tag-tuelle","14":"product_tag-urquattro","15":"entry","17":"first","18":"outofstock","19":"shipping-taxable","20":"purchasable","21":"product-type-simple"},"_links":{"self":[{"href":"https:\/\/wenzel.co.at\/wshop\/wp-json\/wp\/v2\/product\/1086","targetHints":{"allow":["GET"]}}],"collection":[{"href":"https:\/\/wenzel.co.at\/wshop\/wp-json\/wp\/v2\/product"}],"about":[{"href":"https:\/\/wenzel.co.at\/wshop\/wp-json\/wp\/v2\/types\/product"}],"wp:featuredmedia":[{"embeddable":true,"href":"https:\/\/wenzel.co.at\/wshop\/wp-json\/wp\/v2\/media\/1088"}],"wp:attachment":[{"href":"https:\/\/wenzel.co.at\/wshop\/wp-json\/wp\/v2\/media?parent=1086"}],"wp:term":[{"taxonomy":"product_brand","embeddable":true,"href":"https:\/\/wenzel.co.at\/wshop\/wp-json\/wp\/v2\/product_brand?post=1086"},{"taxonomy":"product_cat","embeddable":true,"href":"https:\/\/wenzel.co.at\/wshop\/wp-json\/wp\/v2\/product_cat?post=1086"},{"taxonomy":"product_tag","embeddable":true,"href":"https:\/\/wenzel.co.at\/wshop\/wp-json\/wp\/v2\/product_tag?post=1086"}],"curies":[{"name":"wp","href":"https:\/\/api.w.org\/{rel}","templated":true}]}}