{"id":1159,"date":"2021-09-12T17:47:40","date_gmt":"2021-09-12T15:47:40","guid":{"rendered":"https:\/\/wenzel.co.at\/wshop\/?post_type=product&#038;p=1159"},"modified":"2024-02-01T18:19:30","modified_gmt":"2024-02-01T17:19:30","slug":"unterdruckbehaelter-lang-gruen","status":"publish","type":"product","link":"https:\/\/wenzel.co.at\/wshop\/produkt\/unterdruckbehaelter-lang-gruen\/","title":{"rendered":"Unterdruckbeh\u00e4lter lang Gr\u00fcn TNR 049129808A"},"content":{"rendered":"<p>Unterdruckbeh\u00e4lter lang gr\u00fcn, TNR 049129808A, Neu, NOS, Lagerspuren<\/p>\n","protected":false},"excerpt":{"rendered":"<p>Unterdruckbeh\u00e4lter lang gr\u00fcn, TNR 049129808A, Neu, NOS, Lagerspuren<\/p>\n","protected":false},"featured_media":1160,"template":"","meta":[],"product_brand":[],"product_cat":[41],"product_tag":[142,144,143,34],"class_list":{"0":"post-1159","1":"product","2":"type-product","3":"status-publish","4":"has-post-thumbnail","6":"product_cat-motor","7":"product_tag-049129808a","8":"product_tag-audi","9":"product_tag-unterdruckbehaelter","10":"product_tag-vw","11":"entry","13":"first","14":"outofstock","15":"shipping-taxable","16":"purchasable","17":"product-type-simple"},"_links":{"self":[{"href":"https:\/\/wenzel.co.at\/wshop\/wp-json\/wp\/v2\/product\/1159","targetHints":{"allow":["GET"]}}],"collection":[{"href":"https:\/\/wenzel.co.at\/wshop\/wp-json\/wp\/v2\/product"}],"about":[{"href":"https:\/\/wenzel.co.at\/wshop\/wp-json\/wp\/v2\/types\/product"}],"wp:featuredmedia":[{"embeddable":true,"href":"https:\/\/wenzel.co.at\/wshop\/wp-json\/wp\/v2\/media\/1160"}],"wp:attachment":[{"href":"https:\/\/wenzel.co.at\/wshop\/wp-json\/wp\/v2\/media?parent=1159"}],"wp:term":[{"taxonomy":"product_brand","embeddable":true,"href":"https:\/\/wenzel.co.at\/wshop\/wp-json\/wp\/v2\/product_brand?post=1159"},{"taxonomy":"product_cat","embeddable":true,"href":"https:\/\/wenzel.co.at\/wshop\/wp-json\/wp\/v2\/product_cat?post=1159"},{"taxonomy":"product_tag","embeddable":true,"href":"https:\/\/wenzel.co.at\/wshop\/wp-json\/wp\/v2\/product_tag?post=1159"}],"curies":[{"name":"wp","href":"https:\/\/api.w.org\/{rel}","templated":true}]}}