{"id":1467,"date":"2021-12-28T13:00:30","date_gmt":"2021-12-28T12:00:30","guid":{"rendered":"https:\/\/wenzel.co.at\/wshop\/?post_type=product&#038;p=1467"},"modified":"2021-12-28T14:32:19","modified_gmt":"2021-12-28T13:32:19","slug":"bulli-flower-umhaengetasche","status":"publish","type":"product","link":"https:\/\/wenzel.co.at\/wshop\/produkt\/bulli-flower-umhaengetasche\/","title":{"rendered":"Bulli Flower Umh\u00e4ngetasche"},"content":{"rendered":"<p>Bulli Flower Umh\u00e4ngetasche, ca 25\u00d725 cm, Neu, Unikat, Handarbeit<\/p>\n","protected":false},"excerpt":{"rendered":"<p>Bulli Flower Umh\u00e4ngetasche, ca 25\u00d725 cm, Neu, Unikat, Handarbeit<\/p>\n","protected":false},"featured_media":1468,"template":"","meta":[],"product_brand":[],"product_cat":[15],"product_tag":[1192,1168,108,1157,1226,1208],"class_list":{"0":"post-1467","1":"product","2":"type-product","3":"status-publish","4":"has-post-thumbnail","6":"product_cat-werbeartikel","7":"product_tag-bulli","8":"product_tag-handarbeit","9":"product_tag-neu","10":"product_tag-tasche","11":"product_tag-umhaengetasche","12":"product_tag-unikat","13":"entry","15":"first","16":"instock","17":"shipping-taxable","18":"purchasable","19":"product-type-simple"},"_links":{"self":[{"href":"https:\/\/wenzel.co.at\/wshop\/wp-json\/wp\/v2\/product\/1467","targetHints":{"allow":["GET"]}}],"collection":[{"href":"https:\/\/wenzel.co.at\/wshop\/wp-json\/wp\/v2\/product"}],"about":[{"href":"https:\/\/wenzel.co.at\/wshop\/wp-json\/wp\/v2\/types\/product"}],"wp:featuredmedia":[{"embeddable":true,"href":"https:\/\/wenzel.co.at\/wshop\/wp-json\/wp\/v2\/media\/1468"}],"wp:attachment":[{"href":"https:\/\/wenzel.co.at\/wshop\/wp-json\/wp\/v2\/media?parent=1467"}],"wp:term":[{"taxonomy":"product_brand","embeddable":true,"href":"https:\/\/wenzel.co.at\/wshop\/wp-json\/wp\/v2\/product_brand?post=1467"},{"taxonomy":"product_cat","embeddable":true,"href":"https:\/\/wenzel.co.at\/wshop\/wp-json\/wp\/v2\/product_cat?post=1467"},{"taxonomy":"product_tag","embeddable":true,"href":"https:\/\/wenzel.co.at\/wshop\/wp-json\/wp\/v2\/product_tag?post=1467"}],"curies":[{"name":"wp","href":"https:\/\/api.w.org\/{rel}","templated":true}]}}