{"id":1481,"date":"2021-12-29T12:49:00","date_gmt":"2021-12-29T11:49:00","guid":{"rendered":"https:\/\/wenzel.co.at\/wshop\/?post_type=product&#038;p=1481"},"modified":"2025-11-25T23:03:34","modified_gmt":"2025-11-25T22:03:34","slug":"werkstattbanner-audi-quattro","status":"publish","type":"product","link":"https:\/\/wenzel.co.at\/wshop\/produkt\/werkstattbanner-audi-quattro\/","title":{"rendered":"Werkstattbanner Audi Quattro S1 gelb"},"content":{"rendered":"<p>Werkstattbanner mit Druck, ohne Befestigungs \u00d6sen, Gr\u00f6\u00dfe ca 125 x 30cm, Neu<\/p>\n","protected":false},"excerpt":{"rendered":"<p>Werkstattbanner mit Druck, ohne Befestigungs \u00d6sen, Gr\u00f6\u00dfe ca 125 x 30cm, Neu<\/p>\n","protected":false},"featured_media":2439,"template":"","meta":[],"product_brand":[],"product_cat":[50],"product_tag":[1240,144,1241,1213,1236,1239,108,231,199,106,1242],"class_list":{"0":"post-1481","1":"product","2":"type-product","3":"status-publish","4":"has-post-thumbnail","6":"product_cat-schilder-banner","7":"product_tag-130x30cm","8":"product_tag-audi","9":"product_tag-audi-quattro","10":"product_tag-audi-s1","11":"product_tag-banner","12":"product_tag-druck","13":"product_tag-neu","14":"product_tag-quattro","15":"product_tag-sportquattro","16":"product_tag-urquattro","17":"product_tag-werkstattbanner","18":"entry","20":"first","21":"instock","22":"shipping-taxable","23":"purchasable","24":"product-type-simple"},"_links":{"self":[{"href":"https:\/\/wenzel.co.at\/wshop\/wp-json\/wp\/v2\/product\/1481","targetHints":{"allow":["GET"]}}],"collection":[{"href":"https:\/\/wenzel.co.at\/wshop\/wp-json\/wp\/v2\/product"}],"about":[{"href":"https:\/\/wenzel.co.at\/wshop\/wp-json\/wp\/v2\/types\/product"}],"wp:featuredmedia":[{"embeddable":true,"href":"https:\/\/wenzel.co.at\/wshop\/wp-json\/wp\/v2\/media\/2439"}],"wp:attachment":[{"href":"https:\/\/wenzel.co.at\/wshop\/wp-json\/wp\/v2\/media?parent=1481"}],"wp:term":[{"taxonomy":"product_brand","embeddable":true,"href":"https:\/\/wenzel.co.at\/wshop\/wp-json\/wp\/v2\/product_brand?post=1481"},{"taxonomy":"product_cat","embeddable":true,"href":"https:\/\/wenzel.co.at\/wshop\/wp-json\/wp\/v2\/product_cat?post=1481"},{"taxonomy":"product_tag","embeddable":true,"href":"https:\/\/wenzel.co.at\/wshop\/wp-json\/wp\/v2\/product_tag?post=1481"}],"curies":[{"name":"wp","href":"https:\/\/api.w.org\/{rel}","templated":true}]}}