{"id":432,"date":"2021-08-28T18:32:10","date_gmt":"2021-08-28T16:32:10","guid":{"rendered":"https:\/\/wenzel.co.at\/wshop\/?post_type=product&#038;p=432"},"modified":"2026-04-03T10:46:54","modified_gmt":"2026-04-03T08:46:54","slug":"aufkleber-audi-mit-katalysator-technik","status":"publish","type":"product","link":"https:\/\/wenzel.co.at\/wshop\/produkt\/aufkleber-audi-mit-katalysator-technik\/","title":{"rendered":"Aufkleber &#8216;Audi mit Katalysator Technik&#8221;Q1"},"content":{"rendered":"<p>Aufkleber &#8216;Audi mit Katalysator Technik&#8221;, innenklebend, L\u00e4nge 39,5 cm, H\u00f6he 2,3 cm, zzgl. Emblem 5,5 cm f\u00e4rbig<\/p>\n","protected":false},"excerpt":{"rendered":"<p>Aufkleber &#8216;Audi mit Katalysator Technik&#8221;, innenklebend, L\u00e4nge 39,5 cm, H\u00f6he 2,3 cm, zzgl. Emblem 5,5 cm f\u00e4rbig<\/p>\n","protected":false},"featured_media":433,"template":"","meta":[],"product_brand":[],"product_cat":[42],"product_tag":[1020,981,1006],"class_list":{"0":"post-432","1":"product","2":"type-product","3":"status-publish","4":"has-post-thumbnail","6":"product_cat-aufkleber","7":"product_tag-audi-mit-katalysator-technik","8":"product_tag-aufkleber","9":"product_tag-innenklebend","10":"entry","12":"first","13":"outofstock","14":"shipping-taxable","15":"purchasable","16":"product-type-simple"},"_links":{"self":[{"href":"https:\/\/wenzel.co.at\/wshop\/wp-json\/wp\/v2\/product\/432","targetHints":{"allow":["GET"]}}],"collection":[{"href":"https:\/\/wenzel.co.at\/wshop\/wp-json\/wp\/v2\/product"}],"about":[{"href":"https:\/\/wenzel.co.at\/wshop\/wp-json\/wp\/v2\/types\/product"}],"wp:featuredmedia":[{"embeddable":true,"href":"https:\/\/wenzel.co.at\/wshop\/wp-json\/wp\/v2\/media\/433"}],"wp:attachment":[{"href":"https:\/\/wenzel.co.at\/wshop\/wp-json\/wp\/v2\/media?parent=432"}],"wp:term":[{"taxonomy":"product_brand","embeddable":true,"href":"https:\/\/wenzel.co.at\/wshop\/wp-json\/wp\/v2\/product_brand?post=432"},{"taxonomy":"product_cat","embeddable":true,"href":"https:\/\/wenzel.co.at\/wshop\/wp-json\/wp\/v2\/product_cat?post=432"},{"taxonomy":"product_tag","embeddable":true,"href":"https:\/\/wenzel.co.at\/wshop\/wp-json\/wp\/v2\/product_tag?post=432"}],"curies":[{"name":"wp","href":"https:\/\/api.w.org\/{rel}","templated":true}]}}