{"id":542,"date":"2021-08-29T08:49:59","date_gmt":"2021-08-29T06:49:59","guid":{"rendered":"https:\/\/wenzel.co.at\/wshop\/?post_type=product&#038;p=542"},"modified":"2024-09-21T21:30:57","modified_gmt":"2024-09-21T19:30:57","slug":"schluesselanhaenger-audi-2","status":"publish","type":"product","link":"https:\/\/wenzel.co.at\/wshop\/produkt\/schluesselanhaenger-audi-2\/","title":{"rendered":"Schl\u00fcsselanh\u00e4nger Audi Filz Stick"},"content":{"rendered":"<p>Schl\u00fcsselanh\u00e4nger aus Filz mit Audi Pflaume gestickt, Durchmesser 3,8cm, Neu<\/p>\n","protected":false},"excerpt":{"rendered":"<p>Schl\u00fcsselanh\u00e4nger aus Filz mit Audi Pflaume gestickt, Durchmesser 3,8cm, Neu<\/p>\n","protected":false},"featured_media":543,"template":"","meta":[],"product_brand":[],"product_cat":[15],"product_tag":[144,465,1161,1162,108,1159],"class_list":{"0":"post-542","1":"product","2":"type-product","3":"status-publish","4":"has-post-thumbnail","6":"product_cat-werbeartikel","7":"product_tag-audi","8":"product_tag-audi-pflaume","9":"product_tag-filz","10":"product_tag-gestickt","11":"product_tag-neu","12":"product_tag-schluesselanhaenger","13":"entry","15":"first","16":"outofstock","17":"shipping-taxable","18":"purchasable","19":"product-type-simple"},"_links":{"self":[{"href":"https:\/\/wenzel.co.at\/wshop\/wp-json\/wp\/v2\/product\/542","targetHints":{"allow":["GET"]}}],"collection":[{"href":"https:\/\/wenzel.co.at\/wshop\/wp-json\/wp\/v2\/product"}],"about":[{"href":"https:\/\/wenzel.co.at\/wshop\/wp-json\/wp\/v2\/types\/product"}],"wp:featuredmedia":[{"embeddable":true,"href":"https:\/\/wenzel.co.at\/wshop\/wp-json\/wp\/v2\/media\/543"}],"wp:attachment":[{"href":"https:\/\/wenzel.co.at\/wshop\/wp-json\/wp\/v2\/media?parent=542"}],"wp:term":[{"taxonomy":"product_brand","embeddable":true,"href":"https:\/\/wenzel.co.at\/wshop\/wp-json\/wp\/v2\/product_brand?post=542"},{"taxonomy":"product_cat","embeddable":true,"href":"https:\/\/wenzel.co.at\/wshop\/wp-json\/wp\/v2\/product_cat?post=542"},{"taxonomy":"product_tag","embeddable":true,"href":"https:\/\/wenzel.co.at\/wshop\/wp-json\/wp\/v2\/product_tag?post=542"}],"curies":[{"name":"wp","href":"https:\/\/api.w.org\/{rel}","templated":true}]}}