{"id":570,"date":"2021-08-29T09:25:35","date_gmt":"2021-08-29T07:25:35","guid":{"rendered":"https:\/\/wenzel.co.at\/wshop\/?post_type=product&#038;p=570"},"modified":"2024-10-06T18:53:38","modified_gmt":"2024-10-06T16:53:38","slug":"schluesselanhaenger-vw-2","status":"publish","type":"product","link":"https:\/\/wenzel.co.at\/wshop\/produkt\/schluesselanhaenger-vw-2\/","title":{"rendered":"Schl\u00fcsselanh\u00e4nger Vw Filz Stick"},"content":{"rendered":"<p>Schl\u00fcsselanh\u00e4nger aus Filz mit VW Logo gestickt, Durchmesser 3,8cm, Neu<\/p>\n","protected":false},"excerpt":{"rendered":"<p>Schl\u00fcsselanh\u00e4nger aus Filz mit VW Logo gestickt, Durchmesser 3,8cm, Neu<\/p>\n","protected":false},"featured_media":571,"template":"","meta":[],"product_brand":[],"product_cat":[15],"product_tag":[1161,1162,108,1159,34],"class_list":{"0":"post-570","1":"product","2":"type-product","3":"status-publish","4":"has-post-thumbnail","6":"product_cat-werbeartikel","7":"product_tag-filz","8":"product_tag-gestickt","9":"product_tag-neu","10":"product_tag-schluesselanhaenger","11":"product_tag-vw","12":"entry","14":"first","15":"outofstock","16":"shipping-taxable","17":"purchasable","18":"product-type-simple"},"_links":{"self":[{"href":"https:\/\/wenzel.co.at\/wshop\/wp-json\/wp\/v2\/product\/570","targetHints":{"allow":["GET"]}}],"collection":[{"href":"https:\/\/wenzel.co.at\/wshop\/wp-json\/wp\/v2\/product"}],"about":[{"href":"https:\/\/wenzel.co.at\/wshop\/wp-json\/wp\/v2\/types\/product"}],"wp:featuredmedia":[{"embeddable":true,"href":"https:\/\/wenzel.co.at\/wshop\/wp-json\/wp\/v2\/media\/571"}],"wp:attachment":[{"href":"https:\/\/wenzel.co.at\/wshop\/wp-json\/wp\/v2\/media?parent=570"}],"wp:term":[{"taxonomy":"product_brand","embeddable":true,"href":"https:\/\/wenzel.co.at\/wshop\/wp-json\/wp\/v2\/product_brand?post=570"},{"taxonomy":"product_cat","embeddable":true,"href":"https:\/\/wenzel.co.at\/wshop\/wp-json\/wp\/v2\/product_cat?post=570"},{"taxonomy":"product_tag","embeddable":true,"href":"https:\/\/wenzel.co.at\/wshop\/wp-json\/wp\/v2\/product_tag?post=570"}],"curies":[{"name":"wp","href":"https:\/\/api.w.org\/{rel}","templated":true}]}}