{"id":850,"date":"2021-09-07T08:30:25","date_gmt":"2021-09-07T06:30:25","guid":{"rendered":"https:\/\/wenzel.co.at\/wshop\/?post_type=product&#038;p=850"},"modified":"2025-09-28T12:30:26","modified_gmt":"2025-09-28T10:30:26","slug":"a-saeulen-verkleidung-links","status":"publish","type":"product","link":"https:\/\/wenzel.co.at\/wshop\/produkt\/a-saeulen-verkleidung-links\/","title":{"rendered":"C-S\u00e4ulen Verkleidung links oben TNR 443867241A 8DY"},"content":{"rendered":"<p>C-S\u00e4ulen Verkleidung links oben<!--more-->, TNR 443867241A 8DY (gleich wie V7A) Farbe Graphit,f\u00fcr \/BJ 83-91,Audi200\/Avant\/BJ 88-91,Audi V8 BJ 89-94, EOE seit 2002, Neu, NOS<\/p>\n","protected":false},"excerpt":{"rendered":"<p>C-S\u00e4ulen Verkleidung links oben<\/p>\n","protected":false},"featured_media":851,"template":"","meta":[],"product_brand":[],"product_cat":[54],"product_tag":[736,737,212,242,316,1505,541,1689,224,108,109,1691,1690],"class_list":{"0":"post-850","1":"product","2":"type-product","3":"status-publish","4":"has-post-thumbnail","6":"product_cat-karosserie","7":"product_tag-443867241a-8dy","8":"product_tag-443867241a-v7a","9":"product_tag-audi-100","10":"product_tag-audi-100-typ-44","11":"product_tag-audi-200","12":"product_tag-audi-200-typ-44","13":"product_tag-audi-v8","14":"product_tag-c-saeulen","15":"product_tag-links","16":"product_tag-neu","17":"product_tag-nos","18":"product_tag-typ-44","19":"product_tag-verkleidung","20":"entry","22":"first","23":"outofstock","24":"shipping-taxable","25":"purchasable","26":"product-type-simple"},"_links":{"self":[{"href":"https:\/\/wenzel.co.at\/wshop\/wp-json\/wp\/v2\/product\/850","targetHints":{"allow":["GET"]}}],"collection":[{"href":"https:\/\/wenzel.co.at\/wshop\/wp-json\/wp\/v2\/product"}],"about":[{"href":"https:\/\/wenzel.co.at\/wshop\/wp-json\/wp\/v2\/types\/product"}],"wp:featuredmedia":[{"embeddable":true,"href":"https:\/\/wenzel.co.at\/wshop\/wp-json\/wp\/v2\/media\/851"}],"wp:attachment":[{"href":"https:\/\/wenzel.co.at\/wshop\/wp-json\/wp\/v2\/media?parent=850"}],"wp:term":[{"taxonomy":"product_brand","embeddable":true,"href":"https:\/\/wenzel.co.at\/wshop\/wp-json\/wp\/v2\/product_brand?post=850"},{"taxonomy":"product_cat","embeddable":true,"href":"https:\/\/wenzel.co.at\/wshop\/wp-json\/wp\/v2\/product_cat?post=850"},{"taxonomy":"product_tag","embeddable":true,"href":"https:\/\/wenzel.co.at\/wshop\/wp-json\/wp\/v2\/product_tag?post=850"}],"curies":[{"name":"wp","href":"https:\/\/api.w.org\/{rel}","templated":true}]}}